{"id":4552,"date":"2021-08-11T08:51:26","date_gmt":"2021-08-11T06:51:26","guid":{"rendered":"https:\/\/www.noegel.de\/?page_id=4552"},"modified":"2026-03-11T08:32:04","modified_gmt":"2026-03-11T07:32:04","slug":"umweltzertifikat-der-gruene-punkt","status":"publish","type":"page","link":"https:\/\/www.noegel.de\/en\/umweltzertifikat-der-gruene-punkt\/","title":{"rendered":"Umweltzertifikat &#8220;Der Gr\u00fcne Punkt&#8221;"},"content":{"rendered":"<div class=\"wpb-content-wrapper\">[vc_row][vc_column width=&#8221;1\/2&#8243;][vc_column_text css=&#8221;&#8221;]Durch die Teilnahme an unserem Dualen System f\u00fcr die Verwertung von Verkaufsverpackungen haben wir im Jahr 2025 zu folgenden Einsparungen beigetragen:<\/p>\n<p>&nbsp;<\/p>\n<table style=\"border-collapse: collapse; width: 100%; height: 120px;\">\n<tbody>\n<tr style=\"height: 24px;\">\n<td style=\"width: 50%; height: 24px;\"><strong>CO2-\u00c4quivalente<\/strong><\/td>\n<td style=\"width: 50%; height: 24px;\">11,753 t<\/td>\n<\/tr>\n<tr style=\"height: 24px;\">\n<td style=\"width: 50%; height: 24px;\"><strong>Phosphat-\u00c4quivalente<\/strong><\/td>\n<td style=\"width: 50%; height: 24px;\">57 kg<\/td>\n<\/tr>\n<tr style=\"height: 24px;\">\n<td style=\"width: 50%; height: 24px;\"><strong>Prim\u00e4renergie<\/strong><\/td>\n<td style=\"width: 50%; height: 24px;\">543 GJ<\/td>\n<\/tr>\n<tr style=\"height: 24px;\">\n<td style=\"width: 50%; height: 24px;\"><strong>Schwefeldioxid-\u00c4quivalente<\/strong><\/td>\n<td style=\"width: 50%; height: 24px;\">71 kg<\/td>\n<\/tr>\n<\/tbody>\n<\/table>\n<p>&nbsp;<\/p>\n<p>Die durch unseren Beitrag vermiedene Menge an CO2 entspricht der Menge, die 11.753 m\u00b2 Wald in einem Jahr aus der Luft filtern.[\/vc_column_text][\/vc_column][vc_column width=&#8221;1\/2&#8243;][vc_single_image image=&#8221;12919&#8243; img_size=&#8221;full&#8221; alignment=&#8221;center&#8221; style=&#8221;vc_box_shadow&#8221; onclick=&#8221;link_image&#8221; css=&#8221;&#8221;][\/vc_column][\/vc_row][vc_row][vc_column][\/vc_column][\/vc_row]\n<\/div>","protected":false},"excerpt":{"rendered":"<p>[vc_row][vc_column width=&#8221;1\/2&#8243;][vc_column_text css=&#8221;&#8221;]Durch die Teilnahme an unserem Dualen System f\u00fcr die Verwertung von Verkaufsverpackungen haben wir im Jahr 2025 zu folgenden Einsparungen beigetragen: &nbsp; CO2-\u00c4quivalente 11,753 t Phosphat-\u00c4quivalente 57 kg Prim\u00e4renergie 543 GJ Schwefeldioxid-\u00c4quivalente 71 kg &nbsp; Die durch unseren &hellip;<\/p>\n","protected":false},"author":1,"featured_media":0,"parent":0,"menu_order":0,"comment_status":"closed","ping_status":"closed","template":"","meta":{"footnotes":""},"class_list":["post-4552","page","type-page","status-publish","hentry"],"translation":{"provider":"WPGlobus","version":"3.0.2","language":"en","enabled_languages":["de","nl","en"],"languages":{"de":{"title":true,"content":true,"excerpt":false},"nl":{"title":true,"content":true,"excerpt":false},"en":{"title":false,"content":false,"excerpt":false}}},"yoast_head":"<!-- This site is optimized with the Yoast SEO plugin v27.4 - https:\/\/yoast.com\/product\/yoast-seo-wordpress\/ -->\n<title>- N\u00d6GEL Montagetechnik<\/title>\n<meta name=\"robots\" content=\"index, follow, max-snippet:-1, max-image-preview:large, max-video-preview:-1\" \/>\n<link rel=\"canonical\" href=\"https:\/\/www.noegel.de\/umweltzertifikat-der-gruene-punkt\/\" \/>\n<meta property=\"og:locale\" content=\"en_US\" \/>\n<meta property=\"og:type\" content=\"article\" \/>\n<meta property=\"og:title\" content=\"- N\u00d6GEL Montagetechnik\" \/>\n<meta property=\"og:url\" content=\"https:\/\/www.noegel.de\/umweltzertifikat-der-gruene-punkt\/\" \/>\n<meta property=\"og:site_name\" content=\"N\u00d6GEL Montagetechnik\" \/>\n<meta property=\"article:publisher\" content=\"https:\/\/www.facebook.com\/noegel.montagetechnik\" \/>\n<meta property=\"article:modified_time\" content=\"2026-03-11T07:32:04+00:00\" \/>\n<meta name=\"twitter:card\" content=\"summary_large_image\" \/>\n<meta name=\"twitter:label1\" content=\"Est. reading time\" \/>\n\t<meta name=\"twitter:data1\" content=\"1 minute\" \/>\n<script type=\"application\/ld+json\" class=\"yoast-schema-graph\">{\"@context\":\"https:\\\/\\\/schema.org\",\"@graph\":[{\"@type\":\"WebPage\",\"@id\":\"https:\\\/\\\/www.noegel.de\\\/umweltzertifikat-der-gruene-punkt\\\/\",\"url\":\"https:\\\/\\\/www.noegel.de\\\/umweltzertifikat-der-gruene-punkt\\\/\",\"name\":\"- N\u00d6GEL Montagetechnik\",\"isPartOf\":{\"@id\":\"https:\\\/\\\/www.noegel.de\\\/#website\"},\"datePublished\":\"2021-08-11T06:51:26+00:00\",\"dateModified\":\"2026-03-11T07:32:04+00:00\",\"breadcrumb\":{\"@id\":\"https:\\\/\\\/www.noegel.de\\\/umweltzertifikat-der-gruene-punkt\\\/#breadcrumb\"},\"inLanguage\":\"en-US\",\"potentialAction\":[{\"@type\":\"ReadAction\",\"target\":[\"https:\\\/\\\/www.noegel.de\\\/umweltzertifikat-der-gruene-punkt\\\/\"]}]},{\"@type\":\"BreadcrumbList\",\"@id\":\"https:\\\/\\\/www.noegel.de\\\/umweltzertifikat-der-gruene-punkt\\\/#breadcrumb\",\"itemListElement\":[{\"@type\":\"ListItem\",\"position\":1,\"name\":\"Startseite\",\"item\":\"https:\\\/\\\/www.noegel.de\\\/\"},{\"@type\":\"ListItem\",\"position\":2,\"name\":\"Umweltzertifikat &#8220;Der Gr\u00fcne Punkt&#8221;\"}]},{\"@type\":\"WebSite\",\"@id\":\"https:\\\/\\\/www.noegel.de\\\/#website\",\"url\":\"https:\\\/\\\/www.noegel.de\\\/\",\"name\":\"N\u00d6GEL Montagetechnik\",\"description\":\"...die gute Verbindung\",\"potentialAction\":[{\"@type\":\"SearchAction\",\"target\":{\"@type\":\"EntryPoint\",\"urlTemplate\":\"https:\\\/\\\/www.noegel.de\\\/?s={search_term_string}\"},\"query-input\":{\"@type\":\"PropertyValueSpecification\",\"valueRequired\":true,\"valueName\":\"search_term_string\"}}],\"inLanguage\":\"en-US\"}]}<\/script>\n<!-- \/ Yoast SEO plugin. -->","yoast_head_json":{"title":"- N\u00d6GEL Montagetechnik","robots":{"index":"index","follow":"follow","max-snippet":"max-snippet:-1","max-image-preview":"max-image-preview:large","max-video-preview":"max-video-preview:-1"},"canonical":"https:\/\/www.noegel.de\/umweltzertifikat-der-gruene-punkt\/","og_locale":"en_US","og_type":"article","og_title":"- N\u00d6GEL Montagetechnik","og_url":"https:\/\/www.noegel.de\/umweltzertifikat-der-gruene-punkt\/","og_site_name":"N\u00d6GEL Montagetechnik","article_publisher":"https:\/\/www.facebook.com\/noegel.montagetechnik","article_modified_time":"2026-03-11T07:32:04+00:00","twitter_card":"summary_large_image","twitter_misc":{"Est. reading time":"1 minute"},"schema":{"@context":"https:\/\/schema.org","@graph":[{"@type":"WebPage","@id":"https:\/\/www.noegel.de\/umweltzertifikat-der-gruene-punkt\/","url":"https:\/\/www.noegel.de\/umweltzertifikat-der-gruene-punkt\/","name":"- N\u00d6GEL Montagetechnik","isPartOf":{"@id":"https:\/\/www.noegel.de\/#website"},"datePublished":"2021-08-11T06:51:26+00:00","dateModified":"2026-03-11T07:32:04+00:00","breadcrumb":{"@id":"https:\/\/www.noegel.de\/umweltzertifikat-der-gruene-punkt\/#breadcrumb"},"inLanguage":"en-US","potentialAction":[{"@type":"ReadAction","target":["https:\/\/www.noegel.de\/umweltzertifikat-der-gruene-punkt\/"]}]},{"@type":"BreadcrumbList","@id":"https:\/\/www.noegel.de\/umweltzertifikat-der-gruene-punkt\/#breadcrumb","itemListElement":[{"@type":"ListItem","position":1,"name":"Startseite","item":"https:\/\/www.noegel.de\/"},{"@type":"ListItem","position":2,"name":"Umweltzertifikat &#8220;Der Gr\u00fcne Punkt&#8221;"}]},{"@type":"WebSite","@id":"https:\/\/www.noegel.de\/#website","url":"https:\/\/www.noegel.de\/","name":"N\u00d6GEL Montagetechnik","description":"...die gute Verbindung","potentialAction":[{"@type":"SearchAction","target":{"@type":"EntryPoint","urlTemplate":"https:\/\/www.noegel.de\/?s={search_term_string}"},"query-input":{"@type":"PropertyValueSpecification","valueRequired":true,"valueName":"search_term_string"}}],"inLanguage":"en-US"}]}},"_links":{"self":[{"href":"https:\/\/www.noegel.de\/en\/wp-json\/wp\/v2\/pages\/4552","targetHints":{"allow":["GET"]}}],"collection":[{"href":"https:\/\/www.noegel.de\/en\/wp-json\/wp\/v2\/pages"}],"about":[{"href":"https:\/\/www.noegel.de\/en\/wp-json\/wp\/v2\/types\/page"}],"author":[{"embeddable":true,"href":"https:\/\/www.noegel.de\/en\/wp-json\/wp\/v2\/users\/1"}],"replies":[{"embeddable":true,"href":"https:\/\/www.noegel.de\/en\/wp-json\/wp\/v2\/comments?post=4552"}],"version-history":[{"count":11,"href":"https:\/\/www.noegel.de\/en\/wp-json\/wp\/v2\/pages\/4552\/revisions"}],"predecessor-version":[{"id":12920,"href":"https:\/\/www.noegel.de\/en\/wp-json\/wp\/v2\/pages\/4552\/revisions\/12920"}],"wp:attachment":[{"href":"https:\/\/www.noegel.de\/en\/wp-json\/wp\/v2\/media?parent=4552"}],"curies":[{"name":"wp","href":"https:\/\/api.w.org\/{rel}","templated":true}]}}

Umweltzertifikat &#8220;Der Grüne Punkt&#8221;

<div class="wpb-content-wrapper">[vc_row][vc_column width=&#8221;1/2&#8243;][vc_column_text css=&#8221;&#8221;]Durch die Teilnahme an unserem Dualen System für die Verwertung von Verkaufsverpackungen haben wir im Jahr 2025 zu folgenden Einsparungen beigetragen:</p>
<p>&nbsp;</p>
<table style="border-collapse: collapse; width: 100%; height: 120px;">
<tbody>
<tr style="height: 24px;">
<td style="width: 50%; height: 24px;"><strong>CO2-Äquivalente</strong></td>
<td style="width: 50%; height: 24px;">11,753 t</td>
</tr>
<tr style="height: 24px;">
<td style="width: 50%; height: 24px;"><strong>Phosphat-Äquivalente</strong></td>
<td style="width: 50%; height: 24px;">57 kg</td>
</tr>
<tr style="height: 24px;">
<td style="width: 50%; height: 24px;"><strong>Primärenergie</strong></td>
<td style="width: 50%; height: 24px;">543 GJ</td>
</tr>
<tr style="height: 24px;">
<td style="width: 50%; height: 24px;"><strong>Schwefeldioxid-Äquivalente</strong></td>
<td style="width: 50%; height: 24px;">71 kg</td>
</tr>
</tbody>
</table>
<p>&nbsp;</p>
<p>Die durch unseren Beitrag vermiedene Menge an CO2 entspricht der Menge, die 11.753 m² Wald in einem Jahr aus der Luft filtern.[/vc_column_text][/vc_column][vc_column width=&#8221;1/2&#8243;][vc_single_image image=&#8221;12919&#8243; img_size=&#8221;full&#8221; alignment=&#8221;center&#8221; style=&#8221;vc_box_shadow&#8221; onclick=&#8221;link_image&#8221; css=&#8221;&#8221;][/vc_column][/vc_row][vc_row][vc_column][/vc_column][/vc_row]
</div>

<p>[vc_row][vc_column width=&#8221;1/2&#8243;][vc_column_text css=&#8221;&#8221;]Durch die Teilnahme an unserem Dualen System für die Verwertung von Verkaufsverpackungen haben wir im Jahr 2025 zu folgenden Einsparungen beigetragen: &nbsp; CO2-Äquivalente 11,753 t Phosphat-Äquivalente 57 kg Primärenergie 543 GJ Schwefeldioxid-Äquivalente 71 kg &nbsp; Die durch unseren &hellip;</p>

<!-- This site is optimized with the Yoast SEO plugin v27.4 - https://yoast.com/product/yoast-seo-wordpress/ -->
<title>- NÖGEL Montagetechnik</title>
<meta name="robots" content="index, follow, max-snippet:-1, max-image-preview:large, max-video-preview:-1" />
<link rel="canonical" href="https://www.noegel.de/umweltzertifikat-der-gruene-punkt/" />
<meta property="og:locale" content="en_US" />
<meta property="og:type" content="article" />
<meta property="og:title" content="- NÖGEL Montagetechnik" />
<meta property="og:url" content="https://www.noegel.de/umweltzertifikat-der-gruene-punkt/" />
<meta property="og:site_name" content="NÖGEL Montagetechnik" />
<meta property="article:publisher" content="https://www.facebook.com/noegel.montagetechnik" />
<meta property="article:modified_time" content="2026-03-11T07:32:04+00:00" />
<meta name="twitter:card" content="summary_large_image" />
<meta name="twitter:label1" content="Est. reading time" />
	<meta name="twitter:data1" content="1 minute" />
<script type="application/ld+json" class="yoast-schema-graph">{"@context":"https:\/\/schema.org","@graph":[{"@type":"WebPage","@id":"https:\/\/www.noegel.de\/umweltzertifikat-der-gruene-punkt\/","url":"https:\/\/www.noegel.de\/umweltzertifikat-der-gruene-punkt\/","name":"- NÖGEL Montagetechnik","isPartOf":{"@id":"https:\/\/www.noegel.de\/#website"},"datePublished":"2021-08-11T06:51:26+00:00","dateModified":"2026-03-11T07:32:04+00:00","breadcrumb":{"@id":"https:\/\/www.noegel.de\/umweltzertifikat-der-gruene-punkt\/#breadcrumb"},"inLanguage":"en-US","potentialAction":[{"@type":"ReadAction","target":["https:\/\/www.noegel.de\/umweltzertifikat-der-gruene-punkt\/"]}]},{"@type":"BreadcrumbList","@id":"https:\/\/www.noegel.de\/umweltzertifikat-der-gruene-punkt\/#breadcrumb","itemListElement":[{"@type":"ListItem","position":1,"name":"Startseite","item":"https:\/\/www.noegel.de\/"},{"@type":"ListItem","position":2,"name":"Umweltzertifikat &#8220;Der Grüne Punkt&#8221;"}]},{"@type":"WebSite","@id":"https:\/\/www.noegel.de\/#website","url":"https:\/\/www.noegel.de\/","name":"NÖGEL Montagetechnik","description":"...die gute Verbindung","potentialAction":[{"@type":"SearchAction","target":{"@type":"EntryPoint","urlTemplate":"https:\/\/www.noegel.de\/?s={search_term_string}"},"query-input":{"@type":"PropertyValueSpecification","valueRequired":true,"valueName":"search_term_string"}}],"inLanguage":"en-US"}]}</script>
<!-- / Yoast SEO plugin. -->

- NÖGEL Montagetechnik

NÖGEL Montagetechnik
